1 - -50. What is d(y)?
3
Suppose 5 = -5*j, -5*j = s - 3*j - 1. Suppose -4*d - 3*r = 10, -s*d - 2*d + 4*r + 3 = 0. Let v(f) = 11*f**2 + f. Determine v(d).
10
Let u(z) = 8*z**2 - 7*z + 8. Let o(k) = 7*k**2 - 6*k + 7. Suppose 4*r - 2*r = -14. Let w(x) = r*o(x) + 6*u(x). Give w(-2).
-5
Suppose -2*n - 60 = -4*p, -60 = -2*p - 3*p - 5*n. Let l(s) = -s**3 + 14*s**2 - 1. Calculate l(p).
-1
Let u(z) be the second derivative of -z**7/2520 - z**4/6 - 30*z. Let t(r) be the third derivative of u(r). Determine t(-1).
-1
Let d(h) = -h**2 - 2*h + 2. Let k(t) be the first derivative of t**2 - 13*t + 1. Let b be k(9). Suppose -22 = 4*v - 3*z, -7*v + 2*v - 10 = b*z. Calculate d(v).
-6
Let b(y) = 13 + y**2 + y**3 - 4 - 8. Give b(-2).
-3
Let c(w) be the third derivative of -w**7/1260 + w**6/360 + w**5/60 + w**4/3 - 21*w**2. Let f(i) be the second derivative of c(i). What is f(3)?
-10
Let f(x) = x**2 - 4*x - 3. Let i be -4 + (2 + -2)/(-1) + 2. Calculate f(i).
9
Let f(d) = -d**2 - 4*d + 10. Let b be f(-10). Let h be (b/(-4))/5*4/5. Let v(w) = -2*w**3 + w**2 + w - 2. What is v(h)?
-12
Let l(i) = -4*i**2 - 3*i + 12. Let c(j) = -4. Let x(q) = -4*c(q) - l(q). Give x(-3).
31
Let u be 4*(7 - (-16)/(-2)) + 5. Let s(a) = 10*a**2 + 2*a - 2. What is s(u)?
10
Let t(c) = c + 3. Suppose j - 1 = -11*h + 10*h, 0 = -5*j - 20. Give t(h).
8
Let t(o) = -o**3 - o**2 + o + 1. Let w be ((-1 - 0) + 1)/1. Suppose 4*a - 4*c + 8 = 0, 3 = -2*c + 7. Let h = w + a. Calculate t(h).
1
Let d(w) be the first derivative of -w**4/12 - 11*w**3/6 - 4*w**2 + 14*w + 2. Let y(h) be the first derivative of d(h). Give y(-10).
2
Let s(p) = -4*p**3 + 2*p**2 - p + 2. Let b(r) = -r**3 + r**2 + 1. Let k(d) = 3*b(d) - s(d). Suppose 0 = -3*t - 5*g - 3 - 2, -4*t - 4*g - 4 = 0. Calculate k(t).
1
Suppose c + 4 = -2*a - 4, 0 = 2*c - 5*a - 20. Let j(w) be the second derivative of -w**3/6 + 2*w**2 - 7*w. Determine j(c).
4
Let i(z) = -z**3 + 5*z**2 + 7*z - 8. Let h be i(6). Let x(p) = -4*p**2 - 2*p + 0*p + 0*p + 0*p + 1. Determine x(h).
-11
Let s = 42 - 40. Suppose -3*u = 3*n + s*n - 41, u + 3*n - 19 = 0. Let i(t) = 2*t + 1. Calculate i(u).
15
Let o(x) = -x**3 + 4*x**2 - 2*x. Suppose 5*s + 3*q - 8 = s, -4*s - 2*q + 8 = 0. Let j be 7 - 2 - (3 - s). Give o(j).
-8
Let i(z) be the second derivative of 0 + 3/4*z**4 - 3/2*z**3 + 4*z**2 - 1/20*z**5 + 15*z. Give i(8).
0
Let h(n) = -n**2 + 21. Suppose 0 = -w + 12*w + w. Determine h(w).
21
Let i(y) = 13*y**3 + 5*y**2 + 25*y + 20. Let t(p) = -7*p**3 - 2*p**2 - 13*p - 11. Let k(j) = -6*i(j) - 11*t(j). Calculate k(-7).
1
Let n(b) = 4*b + 2*b - b. Let d(v) = -v**2 + 4. Let p be d(2). Suppose 79*a - 74*a - 5 = p. Calculate n(a).
5
Let g(z) = 7*z + 15*z - 36*z + 2*z - z**2 - 7. Calculate g(-5).
28
Let f(x) = x**3 + 2*x**2 - 2*x + 1. Let n be f(1). Let a(q) = 0*q + 0*q + 2*q + n. Determine a(2).
6
Let p(b) = -8*b**2 - 8*b - 229*b**3 - 234*b**3 + 462*b**3 + 7. What is p(-7)?
14
Let n(a) be the first derivative of -3*a**2/2 - 4*a - 1307. Let q be (-3)/(-2)*16/(-6). Give n(q).
8
Let t(b) = 4 + b**3 + 6*b**2 - 5 - 5*b + 7*b - b**2. Give t(-5).
-11
Let p(k) = -3*k - 2. Let x be -2 - (16/7 + 6/(-21)). Give p(x).
10
Let h be (-1)/4 + 15/(-4). Suppose -2*t = -g + 56, -2*t + 68 = g - 0*t. Let w(c) = g + c - 2*c - 64. What is w(h)?
2
Let f = -7 + 11. Suppose 4*t + f - 1 = -u, 0 = t - u - 3. Let w(z) = 4 + z**2 - 5 + t*z**3 - 11*z**3. Give w(1).
-11
Suppose -4*g + 7 = 19. Let f be g/((-42)/(-4)) - (-209)/(-77). Let x(u) = -u - 5. Determine x(f).
-2
Let u(v) = -10*v. Let g(o) = o**3 + 4*o**2 - o - 3. Let t = -24 - -20. Let c be g(t). Give u(c).
-10
Suppose 305 = 9*f + 52*f. Let w(y) be the third derivative of y**4/24 + y**3 - y**2. What is w(f)?
11
Let y(t) = -2*t + 4. Let b = 30 + -16. Suppose 0 = 11*k - 13*k + b. Suppose 0 = 3*f - 11 - k. Calculate y(f).
-8
Let l(r) = 3*r**3 - 2*r + 1. Let u be (-9)/36 - 33/(-4). Suppose -3*f = f + u. Give l(f).
-19
Let z(q) = -q**2 - 14*q - 28. Let y be z(-12). Let u(t) = t + 13. Determine u(y).
9
Let p(z) = z**3 - 2*z**2 - 3*z - 4. Let k be p(3). Let u(t) be the second derivative of t**3/6 + 2*t**2 + 3*t - 5. Determine u(k).
0
Let u(w) = -5*w - 4. Let g(t) = 12*t + 11. Let x(k) = -3*g(k) - 8*u(k). What is x(-1)?
-5
Let i = 18 - 17. Let k(n) = 6*n**2 - n + 3 + 5 - 8. Determine k(i).
5
Suppose 3*c = 11 + 4. Suppose c*o = -5*d + 15, -5*o + 4*d = 18 - 6. Let s(b) = 4 + 2*b + o + 2 - 2. Calculate s(5).
14
Suppose 17 - 42 = -5*z. Let q(a) = a + 3. Give q(z).
8
Let c(h) = -12*h. Let d be (-1 + 0)*(-1)/(5/15). Suppose -d*i - 73 = -79. What is c(i)?
-24
Let t = 28 - 28. Let s(b) be the first derivative of b**4/4 - b**3/3 - b**2/2 - 8*b + 1. What is s(t)?
-8
Suppose 3 = -2*q + 9. Let u(p) be the third derivative of 0*p + 1/24*p**4 - p**2 + 0 - 1/20*p**5 + 1/120*p**6 + 1/3*p**3. What is u(q)?
5
Let m(u) = -u + 2. Let j be ((-17)/(-3))/((-16)/(-240)). Suppose -3*o + 76 - j = 0. Determine m(o).
5
Let p(v) = -v**3 + 4*v**2 - v - 1. Let j be (20/(-4))/(-5)*(-48)/(-3). Let r(k) = -k**2 - 2*k - 1. Let f be r(-1). Suppose f = 3*x + 10 - j. Determine p(x).
5
Let h(v) = 4*v**2 - 2*v + 2. Let l(t) = -2*t**2 + t - 1. Let x(z) = 4*h(z) + 7*l(z). Let k(o) = 25 + 2*o - 61 + 19. Let a be k(9). Give x(a).
2
Let v(d) = 25*d**3 - 2*d + 1. Let a = 286 - 285. Give v(a).
24
Suppose -37*m - 81 = -10*m. Let z(h) = -2*h**2 - 4. Give z(m).
-22
Let i be (-9)/12*(-32)/6. Suppose -n - i*o = -1 - 4, -2*n - 1 = -3*o. Let p(l) = -9*l. Give p(n).
-9
Let x(k) be the third derivative of k**6/120 + k**5/30 - k**4/24 - k**3/2 - 4*k**2 - 33. What is x(-3)?
-9
Let c(h) = -h**2 + 2. Let t = 290 - 290. What is c(t)?
2
Let h = 6 - 7. Let s(x) be the second derivative of 5*x**4/12 + x**2/2 - 2*x. Calculate s(h).
6
Let y(o) = 2*o**2 - 54*o + 156. Let w(x) = x**2 - 28*x + 80. Let z(a) = -11*w(a) + 6*y(a). Give z(11).
1
Let z(k) = -k**3 + 3*k**2 + 2*k + 1. Let x be (-50)/325 - -36*6/52. Calculate z(x).
-7
Let r(l) be the third derivative of -46*l**2 - 1/6*l**3 + 0*l + 0 + 1/24*l**4. Determine r(3).
2
Let m(p) = p + 12. Let w be m(-9). Let v(u) be the second derivative of u**3/6 - u**2/2 - 21*u. Calculate v(w).
2
Let x be (-1)/(7/(-6))*224/(-48). Let i(q) be the second derivative of 2*q + 3/2*q**2 + 1/6*q**3 + 0. Calculate i(x).
-1
Let o(s) = 2*s**3 - s**2 - 3*s + 1. Let c = -225 - -227. Give o(c).
7
Let x(t) = -t. Let d(g) = -9*g + 35. Let y be d(5). What is x(y)?
10
Let i(w) = -w**2 + 1. Let o(k) = -3*k - 4. Let c(a) = 5*a + 8. Let j(t) = 4*c(t) + 7*o(t). Let g be j(6). Determine i(g).
-3
Suppose -2*r = -3*i + 25, 2*i + r + 3*r = 6. Suppose i = b + 3. Let m(s) = -s**3 + 4*s**2 - 4. Determine m(b).
-4
Let v be -6*(2/7 + (-190)/420). Let n(d) = -2*d**2 - d. What is n(v)?
-3
Suppose -4*c + 280 = -12*c. Let w = -33 - c. Let u(g) = -5*g**2 + 3*g. Calculate u(w).
-14
Let y(q) = q**3 - q**2 + 22. Let w(i) = -i**3 - 24*i**2 - 43*i + 22. Let h be w(-22). What is y(h)?
22
Let l(x) = x**3 - 2*x**2 - x. Suppose 0 = -2*t - 3*t - k + 16, -3*k = -3. Suppose 5*i - 4*n = -25, t*i + 20 = 8*i + 5*n. What is l(i)?
-2
Let a(x) = -x**3 + 6*x - 2. Let y be a(2). Let b(k) = 0*k - 5*k**y - 5*k - 11 + 6*k**2 + 3. What is b(7)?
6
Let d(k) = k**3 - 9*k**2 + 15*k - 1. Let m be d(7). Let y be (-6)/m + 2 - (10 + -1). Let c(u) = u. What is c(y)?
-8
Let y(v) = -v**2 + 7*v - 7. Let d be y(4). Let s(j) be the third derivative of 3*j**2 + 5/6*j**3 - 1/12*j**4 + 0*j + 0. Determine s(d).
-5
Let s(y) = -y - 3. Let i = 380 + -377. Calculate s(i).
-6
Suppose -38 = -2*f + 18. Let d be (-4)/(-1) - f/7. Let r(v) = 3*v + d*v - 5*v - 2. Calculate r(5).
-12
Let q(d) be the third derivative of -d**7/2520 + d**6/120 + d**5/12 - 7*d**4/8 + 3*d**2. Let z(h) be the second derivative of q(h). Give z(8).
-6
Let s be ((-6)/(-9))/1*6. Let f(o) = o + s*o + 17 - 7*o. Let v(z) = -z + 9. Let h(c) = -3*f(c) + 5*v(c). Determine h(5).
-1
Let i(c) = 5*c - 1. Let l be 4*(6/14)/(96/168). What is i(l)?
14
Let f(g) = -6*g**3 - g**2 + g - 1. Let x(w) be the third derivative of -w**4/24 + 5*w**2. Suppose 0 = 4*i, 4*i - 2 + 0 = 2*a. Let t be x(a). Determine f(t).
-7
Suppose -y = -0*y + 1. Let w = -242 - -245. Let z(s) = -5*s**2 + 1. Let i(n) = n**2. Let r(j) = w*i(j) + y*z(j). Calculate r(-1).
7
Let r(x) = -x**2 - 9*x - 11. Let p be r(-7). Let w(g) = g**3 - 2*g**p + 6*g**2 + 5*g + 